{"id":139,"date":"2020-10-11T16:50:57","date_gmt":"2020-10-11T14:50:57","guid":{"rendered":"https:\/\/digit.srl\/?page_id=139"},"modified":"2021-09-17T11:25:16","modified_gmt":"2021-09-17T09:25:16","slug":"prima-storia","status":"publish","type":"page","link":"https:\/\/digit.srl\/en\/vetrina\/prima-storia\/","title":{"rendered":"Prima storia"},"content":{"rendered":"<p>Questa \u00e8 la prima delle storie che la vetrina di <a href=\"https:\/\/digit.srl\/en\/vetrina\/\">Corso Garibaldi 66<\/a> racconta ai passanti. All&#8217;allestimento hanno contributo il personale del Distaccamento dei <strong>Vigili del Fuoco <\/strong>di Urbino, autorizzato dal Comando Provinciale, e la <strong>Libreria Montefeltro<\/strong>.<\/p>\n\n\n\n<p>E&#8217; una storia di libri, di fuoco e di memoria, ispirata al romanzo di Ray Bradbury <strong>Fahrenheit 451<\/strong>.  <\/p>\n\n\n\n<p>Tutto ci\u00f2 che riusciamo ad esprimere a parole pu\u00f2 essere raccontato, trasmesso, memorizzato, scritto, letto, trascritto e dettato. Alla narrazione \u00e8 affidata la trasmissione della nostra stessa natura umana. Ma le parole non sono altro che sequenze di lettere prese da un alfabeto convenzionale, cos\u00ec come i numeri non sono altro che sequenze di cifre e le informazioni scambiate via Internet non sono altro che sequenze di bit. Qualunque sia l&#8217;alfabeto di riferimento, ogni volta che affidiamo la rappresentazione della realt\u00e0, delle idee, dei sentimenti e dei pensieri ad una sequenza finita di simboli presi da quell&#8217;alfabeto, usiamo rappresentazioni digitali.<\/p>\n\n\n\n<p>Questa prima vetrina non ha alcun riferimento esplicito alle tecnologie digitali propriamente dette, ma traendo spunto dal romanzo di Bradbury esprime la capacit\u00e0 del linguaggio e della scrittura di sopravvivere al tempo e agli eventi.<\/p>\n\n\n\n<figure class=\"wp-block-embed-youtube wp-block-embed is-type-video is-provider-youtube wp-embed-aspect-16-9 wp-has-aspect-ratio\"><div class=\"wp-block-embed__wrapper\">\n<iframe loading=\"lazy\" title=\"Garibaldi 66 - 1. La vetrina di Fahrenheit 451 - presentazione\" width=\"500\" height=\"281\" src=\"https:\/\/www.youtube.com\/embed\/8WAXRoUXhIs?feature=oembed\" frameborder=\"0\" allow=\"accelerometer; autoplay; clipboard-write; encrypted-media; gyroscope; picture-in-picture; web-share\" allowfullscreen><\/iframe>\n<\/div><\/figure>","protected":false},"excerpt":{"rendered":"<p>Questa \u00e8 la prima delle storie che la vetrina di Corso Garibaldi 66 racconta ai passanti. All&#8217;allestimento hanno contributo il personale del Distaccamento dei Vigili del Fuoco di Urbino, autorizzato dal Comando Provinciale, e la Libreria Montefeltro. E&#8217; una storia di libri, di fuoco e di memoria, ispirata al romanzo di Ray Bradbury Fahrenheit 451. [&hellip;]<\/p>\n","protected":false},"author":2,"featured_media":0,"parent":1123,"menu_order":0,"comment_status":"closed","ping_status":"closed","template":"","meta":{"footnotes":""},"yoast_head":"<!-- This site is optimized with the Yoast SEO plugin v23.5 - https:\/\/yoast.com\/wordpress\/plugins\/seo\/ -->\n<title>Prima storia - DIGIT srl<\/title>\n<meta name=\"robots\" content=\"index, follow, max-snippet:-1, max-image-preview:large, max-video-preview:-1\" \/>\n<link rel=\"canonical\" href=\"https:\/\/digit.srl\/en\/vetrina\/prima-storia\/\" \/>\n<meta property=\"og:locale\" content=\"en_US\" \/>\n<meta property=\"og:type\" content=\"article\" \/>\n<meta property=\"og:title\" content=\"Prima storia - DIGIT srl\" \/>\n<meta property=\"og:description\" content=\"Questa \u00e8 la prima delle storie che la vetrina di Corso Garibaldi 66 racconta ai passanti. All&#8217;allestimento hanno contributo il personale del Distaccamento dei Vigili del Fuoco di Urbino, autorizzato dal Comando Provinciale, e la Libreria Montefeltro. E&#8217; una storia di libri, di fuoco e di memoria, ispirata al romanzo di Ray Bradbury Fahrenheit 451. [&hellip;]\" \/>\n<meta property=\"og:url\" content=\"https:\/\/digit.srl\/en\/vetrina\/prima-storia\/\" \/>\n<meta property=\"og:site_name\" content=\"DIGIT srl\" \/>\n<meta property=\"article:publisher\" content=\"https:\/\/www.facebook.com\/digit.srl.benefit\" \/>\n<meta property=\"article:modified_time\" content=\"2021-09-17T09:25:16+00:00\" \/>\n<meta property=\"og:image\" content=\"https:\/\/digit.srl\/wp-content\/uploads\/2020\/09\/cropped-digit_logo_web-1.png\" \/>\n\t<meta property=\"og:image:width\" content=\"1437\" \/>\n\t<meta property=\"og:image:height\" content=\"671\" \/>\n\t<meta property=\"og:image:type\" content=\"image\/png\" \/>\n<meta name=\"twitter:card\" content=\"summary_large_image\" \/>\n<meta name=\"twitter:site\" content=\"@digitsrl\" \/>\n<meta name=\"twitter:label1\" content=\"Est. reading time\" \/>\n\t<meta name=\"twitter:data1\" content=\"1 minute\" \/>\n<script type=\"application\/ld+json\" class=\"yoast-schema-graph\">{\"@context\":\"https:\/\/schema.org\",\"@graph\":[{\"@type\":\"WebPage\",\"@id\":\"https:\/\/digit.srl\/vetrina\/prima-storia\/\",\"url\":\"https:\/\/digit.srl\/vetrina\/prima-storia\/\",\"name\":\"Prima storia - DIGIT srl\",\"isPartOf\":{\"@id\":\"https:\/\/digit.srl\/#website\"},\"datePublished\":\"2020-10-11T14:50:57+00:00\",\"dateModified\":\"2021-09-17T09:25:16+00:00\",\"breadcrumb\":{\"@id\":\"https:\/\/digit.srl\/vetrina\/prima-storia\/#breadcrumb\"},\"inLanguage\":\"en-US\",\"potentialAction\":[{\"@type\":\"ReadAction\",\"target\":[\"https:\/\/digit.srl\/vetrina\/prima-storia\/\"]}]},{\"@type\":\"BreadcrumbList\",\"@id\":\"https:\/\/digit.srl\/vetrina\/prima-storia\/#breadcrumb\",\"itemListElement\":[{\"@type\":\"ListItem\",\"position\":1,\"name\":\"Home\",\"item\":\"https:\/\/digit.srl\/\"},{\"@type\":\"ListItem\",\"position\":2,\"name\":\"Garibaldi 66\",\"item\":\"https:\/\/digit.srl\/vetrina\/\"},{\"@type\":\"ListItem\",\"position\":3,\"name\":\"Prima storia\"}]},{\"@type\":\"WebSite\",\"@id\":\"https:\/\/digit.srl\/#website\",\"url\":\"https:\/\/digit.srl\/\",\"name\":\"DIGIT srl\",\"description\":\"Innovazione sociale e digitale\",\"publisher\":{\"@id\":\"https:\/\/digit.srl\/#organization\"},\"potentialAction\":[{\"@type\":\"SearchAction\",\"target\":{\"@type\":\"EntryPoint\",\"urlTemplate\":\"https:\/\/digit.srl\/?s={search_term_string}\"},\"query-input\":{\"@type\":\"PropertyValueSpecification\",\"valueRequired\":true,\"valueName\":\"search_term_string\"}}],\"inLanguage\":\"en-US\"},{\"@type\":\"Organization\",\"@id\":\"https:\/\/digit.srl\/#organization\",\"name\":\"DIGIT srl\",\"url\":\"https:\/\/digit.srl\/\",\"logo\":{\"@type\":\"ImageObject\",\"inLanguage\":\"en-US\",\"@id\":\"https:\/\/digit.srl\/#\/schema\/logo\/image\/\",\"url\":\"https:\/\/digit.srl\/wp-content\/uploads\/2020\/09\/cropped-cropped-digit_logo_web-1.png\",\"contentUrl\":\"https:\/\/digit.srl\/wp-content\/uploads\/2020\/09\/cropped-cropped-digit_logo_web-1.png\",\"width\":1437,\"height\":671,\"caption\":\"DIGIT srl\"},\"image\":{\"@id\":\"https:\/\/digit.srl\/#\/schema\/logo\/image\/\"},\"sameAs\":[\"https:\/\/www.facebook.com\/digit.srl.benefit\",\"https:\/\/x.com\/digitsrl\",\"https:\/\/www.instagram.com\/digitsrl\/\",\"https:\/\/www.linkedin.com\/company\/digitsrl\/\"]}]}<\/script>\n<!-- \/ Yoast SEO plugin. -->","yoast_head_json":{"title":"Prima storia - DIGIT srl","robots":{"index":"index","follow":"follow","max-snippet":"max-snippet:-1","max-image-preview":"max-image-preview:large","max-video-preview":"max-video-preview:-1"},"canonical":"https:\/\/digit.srl\/en\/vetrina\/prima-storia\/","og_locale":"en_US","og_type":"article","og_title":"Prima storia - DIGIT srl","og_description":"Questa \u00e8 la prima delle storie che la vetrina di Corso Garibaldi 66 racconta ai passanti. All&#8217;allestimento hanno contributo il personale del Distaccamento dei Vigili del Fuoco di Urbino, autorizzato dal Comando Provinciale, e la Libreria Montefeltro. E&#8217; una storia di libri, di fuoco e di memoria, ispirata al romanzo di Ray Bradbury Fahrenheit 451. [&hellip;]","og_url":"https:\/\/digit.srl\/en\/vetrina\/prima-storia\/","og_site_name":"DIGIT srl","article_publisher":"https:\/\/www.facebook.com\/digit.srl.benefit","article_modified_time":"2021-09-17T09:25:16+00:00","og_image":[{"width":1437,"height":671,"url":"https:\/\/digit.srl\/wp-content\/uploads\/2020\/09\/cropped-digit_logo_web-1.png","type":"image\/png"}],"twitter_card":"summary_large_image","twitter_site":"@digitsrl","twitter_misc":{"Est. reading time":"1 minute"},"schema":{"@context":"https:\/\/schema.org","@graph":[{"@type":"WebPage","@id":"https:\/\/digit.srl\/vetrina\/prima-storia\/","url":"https:\/\/digit.srl\/vetrina\/prima-storia\/","name":"Prima storia - DIGIT srl","isPartOf":{"@id":"https:\/\/digit.srl\/#website"},"datePublished":"2020-10-11T14:50:57+00:00","dateModified":"2021-09-17T09:25:16+00:00","breadcrumb":{"@id":"https:\/\/digit.srl\/vetrina\/prima-storia\/#breadcrumb"},"inLanguage":"en-US","potentialAction":[{"@type":"ReadAction","target":["https:\/\/digit.srl\/vetrina\/prima-storia\/"]}]},{"@type":"BreadcrumbList","@id":"https:\/\/digit.srl\/vetrina\/prima-storia\/#breadcrumb","itemListElement":[{"@type":"ListItem","position":1,"name":"Home","item":"https:\/\/digit.srl\/"},{"@type":"ListItem","position":2,"name":"Garibaldi 66","item":"https:\/\/digit.srl\/vetrina\/"},{"@type":"ListItem","position":3,"name":"Prima storia"}]},{"@type":"WebSite","@id":"https:\/\/digit.srl\/#website","url":"https:\/\/digit.srl\/","name":"DIGIT srl","description":"Innovazione sociale e digitale","publisher":{"@id":"https:\/\/digit.srl\/#organization"},"potentialAction":[{"@type":"SearchAction","target":{"@type":"EntryPoint","urlTemplate":"https:\/\/digit.srl\/?s={search_term_string}"},"query-input":{"@type":"PropertyValueSpecification","valueRequired":true,"valueName":"search_term_string"}}],"inLanguage":"en-US"},{"@type":"Organization","@id":"https:\/\/digit.srl\/#organization","name":"DIGIT srl","url":"https:\/\/digit.srl\/","logo":{"@type":"ImageObject","inLanguage":"en-US","@id":"https:\/\/digit.srl\/#\/schema\/logo\/image\/","url":"https:\/\/digit.srl\/wp-content\/uploads\/2020\/09\/cropped-cropped-digit_logo_web-1.png","contentUrl":"https:\/\/digit.srl\/wp-content\/uploads\/2020\/09\/cropped-cropped-digit_logo_web-1.png","width":1437,"height":671,"caption":"DIGIT srl"},"image":{"@id":"https:\/\/digit.srl\/#\/schema\/logo\/image\/"},"sameAs":["https:\/\/www.facebook.com\/digit.srl.benefit","https:\/\/x.com\/digitsrl","https:\/\/www.instagram.com\/digitsrl\/","https:\/\/www.linkedin.com\/company\/digitsrl\/"]}]}},"_links":{"self":[{"href":"https:\/\/digit.srl\/en\/wp-json\/wp\/v2\/pages\/139"}],"collection":[{"href":"https:\/\/digit.srl\/en\/wp-json\/wp\/v2\/pages"}],"about":[{"href":"https:\/\/digit.srl\/en\/wp-json\/wp\/v2\/types\/page"}],"author":[{"embeddable":true,"href":"https:\/\/digit.srl\/en\/wp-json\/wp\/v2\/users\/2"}],"replies":[{"embeddable":true,"href":"https:\/\/digit.srl\/en\/wp-json\/wp\/v2\/comments?post=139"}],"version-history":[{"count":1,"href":"https:\/\/digit.srl\/en\/wp-json\/wp\/v2\/pages\/139\/revisions"}],"predecessor-version":[{"id":140,"href":"https:\/\/digit.srl\/en\/wp-json\/wp\/v2\/pages\/139\/revisions\/140"}],"up":[{"embeddable":true,"href":"https:\/\/digit.srl\/en\/wp-json\/wp\/v2\/pages\/1123"}],"wp:attachment":[{"href":"https:\/\/digit.srl\/en\/wp-json\/wp\/v2\/media?parent=139"}],"curies":[{"name":"wp","href":"https:\/\/api.w.org\/{rel}","templated":true}]}}

<p>Questa è la prima delle storie che la vetrina di <a href="https://digit.srl/en/vetrina/">Corso Garibaldi 66</a> racconta ai passanti. All&#8217;allestimento hanno contributo il personale del Distaccamento dei <strong>Vigili del Fuoco </strong>di Urbino, autorizzato dal Comando Provinciale, e la <strong>Libreria Montefeltro</strong>.</p>



<p>E&#8217; una storia di libri, di fuoco e di memoria, ispirata al romanzo di Ray Bradbury <strong>Fahrenheit 451</strong>.  </p>



<p>Tutto ciò che riusciamo ad esprimere a parole può essere raccontato, trasmesso, memorizzato, scritto, letto, trascritto e dettato. Alla narrazione è affidata la trasmissione della nostra stessa natura umana. Ma le parole non sono altro che sequenze di lettere prese da un alfabeto convenzionale, così come i numeri non sono altro che sequenze di cifre e le informazioni scambiate via Internet non sono altro che sequenze di bit. Qualunque sia l&#8217;alfabeto di riferimento, ogni volta che affidiamo la rappresentazione della realtà, delle idee, dei sentimenti e dei pensieri ad una sequenza finita di simboli presi da quell&#8217;alfabeto, usiamo rappresentazioni digitali.</p>



<p>Questa prima vetrina non ha alcun riferimento esplicito alle tecnologie digitali propriamente dette, ma traendo spunto dal romanzo di Bradbury esprime la capacità del linguaggio e della scrittura di sopravvivere al tempo e agli eventi.</p>



<figure class="wp-block-embed-youtube wp-block-embed is-type-video is-provider-youtube wp-embed-aspect-16-9 wp-has-aspect-ratio"><div class="wp-block-embed__wrapper">
<iframe loading="lazy" title="Garibaldi 66 - 1. La vetrina di Fahrenheit 451 - presentazione" width="500" height="281" src="https://www.youtube.com/embed/8WAXRoUXhIs?feature=oembed" frameborder="0" allow="accelerometer; autoplay; clipboard-write; encrypted-media; gyroscope; picture-in-picture; web-share" allowfullscreen></iframe>
</div></figure>

<p>Questa è la prima delle storie che la vetrina di Corso Garibaldi 66 racconta ai passanti. All&#8217;allestimento hanno contributo il personale del Distaccamento dei Vigili del Fuoco di Urbino, autorizzato dal Comando Provinciale, e la Libreria Montefeltro. E&#8217; una storia di libri, di fuoco e di memoria, ispirata al romanzo di Ray Bradbury Fahrenheit 451. [&hellip;]</p>

<!-- This site is optimized with the Yoast SEO plugin v23.5 - https://yoast.com/wordpress/plugins/seo/ -->
<title>Prima storia - DIGIT srl</title>
<meta name="robots" content="index, follow, max-snippet:-1, max-image-preview:large, max-video-preview:-1" />
<link rel="canonical" href="https://digit.srl/en/vetrina/prima-storia/" />
<meta property="og:locale" content="en_US" />
<meta property="og:type" content="article" />
<meta property="og:title" content="Prima storia - DIGIT srl" />
<meta property="og:description" content="Questa è la prima delle storie che la vetrina di Corso Garibaldi 66 racconta ai passanti. All&#8217;allestimento hanno contributo il personale del Distaccamento dei Vigili del Fuoco di Urbino, autorizzato dal Comando Provinciale, e la Libreria Montefeltro. E&#8217; una storia di libri, di fuoco e di memoria, ispirata al romanzo di Ray Bradbury Fahrenheit 451. [&hellip;]" />
<meta property="og:url" content="https://digit.srl/en/vetrina/prima-storia/" />
<meta property="og:site_name" content="DIGIT srl" />
<meta property="article:publisher" content="https://www.facebook.com/digit.srl.benefit" />
<meta property="article:modified_time" content="2021-09-17T09:25:16+00:00" />
<meta property="og:image" content="https://digit.srl/wp-content/uploads/2020/09/cropped-digit_logo_web-1.png" />
	<meta property="og:image:width" content="1437" />
	<meta property="og:image:height" content="671" />
	<meta property="og:image:type" content="image/png" />
<meta name="twitter:card" content="summary_large_image" />
<meta name="twitter:site" content="@digitsrl" />
<meta name="twitter:label1" content="Est. reading time" />
	<meta name="twitter:data1" content="1 minute" />
<script type="application/ld+json" class="yoast-schema-graph">{"@context":"https://schema.org","@graph":[{"@type":"WebPage","@id":"https://digit.srl/vetrina/prima-storia/","url":"https://digit.srl/vetrina/prima-storia/","name":"Prima storia - DIGIT srl","isPartOf":{"@id":"https://digit.srl/#website"},"datePublished":"2020-10-11T14:50:57+00:00","dateModified":"2021-09-17T09:25:16+00:00","breadcrumb":{"@id":"https://digit.srl/vetrina/prima-storia/#breadcrumb"},"inLanguage":"en-US","potentialAction":[{"@type":"ReadAction","target":["https://digit.srl/vetrina/prima-storia/"]}]},{"@type":"BreadcrumbList","@id":"https://digit.srl/vetrina/prima-storia/#breadcrumb","itemListElement":[{"@type":"ListItem","position":1,"name":"Home","item":"https://digit.srl/"},{"@type":"ListItem","position":2,"name":"Garibaldi 66","item":"https://digit.srl/vetrina/"},{"@type":"ListItem","position":3,"name":"Prima storia"}]},{"@type":"WebSite","@id":"https://digit.srl/#website","url":"https://digit.srl/","name":"DIGIT srl","description":"Innovazione sociale e digitale","publisher":{"@id":"https://digit.srl/#organization"},"potentialAction":[{"@type":"SearchAction","target":{"@type":"EntryPoint","urlTemplate":"https://digit.srl/?s={search_term_string}"},"query-input":{"@type":"PropertyValueSpecification","valueRequired":true,"valueName":"search_term_string"}}],"inLanguage":"en-US"},{"@type":"Organization","@id":"https://digit.srl/#organization","name":"DIGIT srl","url":"https://digit.srl/","logo":{"@type":"ImageObject","inLanguage":"en-US","@id":"https://digit.srl/#/schema/logo/image/","url":"https://digit.srl/wp-content/uploads/2020/09/cropped-cropped-digit_logo_web-1.png","contentUrl":"https://digit.srl/wp-content/uploads/2020/09/cropped-cropped-digit_logo_web-1.png","width":1437,"height":671,"caption":"DIGIT srl"},"image":{"@id":"https://digit.srl/#/schema/logo/image/"},"sameAs":["https://www.facebook.com/digit.srl.benefit","https://x.com/digitsrl","https://www.instagram.com/digitsrl/","https://www.linkedin.com/company/digitsrl/"]}]}</script>
<!-- / Yoast SEO plugin. -->

Questa è la prima delle storie che la vetrina di Corso Garibaldi 66 racconta ai passanti. All&#8217;allestimento hanno contributo il personale del Distaccamento dei Vigili del Fuoco di Urbino, autorizzato dal Comando Provinciale, e la Libreria Montefeltro. E&#8217; una storia di libri, di fuoco e di memoria, ispirata al romanzo di Ray Bradbury Fahrenheit 451. [&hellip;]
