{"id":966,"date":"2021-08-06T18:47:40","date_gmt":"2021-08-06T16:47:40","guid":{"rendered":"https:\/\/digit.srl\/?page_id=966"},"modified":"2021-09-17T11:24:40","modified_gmt":"2021-09-17T09:24:40","slug":"quinta-storia","status":"publish","type":"page","link":"https:\/\/digit.srl\/en\/vetrina\/quinta-storia\/","title":{"rendered":"Quinta storia"},"content":{"rendered":"<p><strong>La vetrina del rinascimento<\/strong>, inaugurata il 24 agosto 2020, \u00e8 un esempio di vetrina-museo-diffuso, che mette in relazione il contenuto dei musei cittadini offrendo un&#8217;opportunit\u00e0 di incontro informale e inatteso, che prelude alla visita ai musei e all&#8217;approfondimento dei temi trattati.<\/p>\n\n\n\n<p>La vetrina mostra, su un grande schermo, la ricostruzione tridimensionale dello <strong>studiolo di Federico da Montefeltro<\/strong>, con la <strong>galleria degli Uomini Illustri<\/strong> e le famosissime <strong>tarsie lignee in trompe l\u2019oeil<\/strong>, che ritraggono personaggi e oggetti rappresentativi delle arti liberali. A mano a mano che vengono inquadrati, gli oggetti emergono dalle tarsie e la loro ricostruzione tridimensionale si anima, dando un assaggio della pi\u00f9 ampia ricostruzione virtuale interattiva curata da Roberto Mantovani, Francesco Serafini e Piero Paolucci per il Museo del Gabinetto di Fisica dell\u2019Universit\u00e0 di Urbino. Sullo sfondo, quattro riproduzioni dei ritratti degli uomini illustri dello Studiolo.<br>Sulla destra un manichino indossa gli <strong>abiti di Federico<\/strong>, Farsetto, Giornea e Berretto alla capitanesca, ricostruiti artigianalmente dall\u2019Atelier di Battista partendo da reperti e documenti storici, tra i quali il piccolo ritratto a tempera inserito nel Codice Disputationes Camaldulenses di Cristoforo Landino.<br>La parte sinistra della vetrina \u00e8 tinta di <strong>blu di guado<\/strong>, per evocare la tradizione tintoria, recuperata dal Guado Urbino, che fece della coltivazione del guado un importante elemento dell\u2019economia del Montefeltro. Alle piante tintorie \u00e8 dedicata una sezione dell\u2019Orto Botanico dell\u2019Universit\u00e0 di Urbino. In vetrina sono esposti anche due campioni di <strong>Azzurite<\/strong> e di <strong>Lapislazzuli<\/strong>, delle collezioni mineralogiche dell\u2019Universit\u00e0 di Urbino, utilizzati per rendere in pittura le tonalit\u00e0 del blu di guado.<br>La vetrina del rinascimento \u00e8 stata realizzata da <strong>DIGIT srl<\/strong> in collaborazione con il <strong>Polo Museale Urbinatense<\/strong>, con l\u2019<strong>Universit\u00e0 degli Studi di Urbino Carlo Bo<\/strong>, con il <strong>Museo del Gabinetto di Fisica<\/strong> dell\u2019Universit\u00e0 di Urbino, con la <strong>Galleria Nazionale delle Marche &#8211; Palazzo Ducale di Urbino<\/strong>, con l\u2019<strong>ITIS Enrico Mattei<\/strong> di Urbino, con l\u2019<strong>Atelier di Battista<\/strong>, con il <strong>Guado Urbino<\/strong>, con lo <strong>Studio tecnico Vagnerini<\/strong> e con la <strong>Stark di Cagli<\/strong>, con la partecipazione di <strong>Francesco Serafini, Piero Paolucci, Roberto Mantovani, Carolina Sacchetti, Alessandra Ubaldi<\/strong> e <strong>Michele Mattioli<\/strong>.<\/p>\n\n\n\n<p><\/p>\n\n\n\n<figure class=\"wp-block-embed is-type-video is-provider-youtube wp-block-embed-youtube wp-embed-aspect-16-9 wp-has-aspect-ratio\"><div class=\"wp-block-embed__wrapper\">\n<iframe loading=\"lazy\" title=\"Garibaldi 66 - 5. La vetrina del rinascimento - presentazione\" width=\"500\" height=\"281\" src=\"https:\/\/www.youtube.com\/embed\/EaW9uXyvpGA?feature=oembed\" frameborder=\"0\" allow=\"accelerometer; autoplay; clipboard-write; encrypted-media; gyroscope; picture-in-picture; web-share\" allowfullscreen><\/iframe>\n<\/div><\/figure>","protected":false},"excerpt":{"rendered":"<p>La vetrina del rinascimento, inaugurata il 24 agosto 2020, \u00e8 un esempio di vetrina-museo-diffuso, che mette in relazione il contenuto dei musei cittadini offrendo un&#8217;opportunit\u00e0 di incontro informale e inatteso, che prelude alla visita ai musei e all&#8217;approfondimento dei temi trattati. La vetrina mostra, su un grande schermo, la ricostruzione tridimensionale dello studiolo di Federico [&hellip;]<\/p>\n","protected":false},"author":2,"featured_media":0,"parent":1123,"menu_order":0,"comment_status":"closed","ping_status":"closed","template":"","meta":{"footnotes":""},"yoast_head":"<!-- This site is optimized with the Yoast SEO plugin v23.5 - https:\/\/yoast.com\/wordpress\/plugins\/seo\/ -->\n<title>Quinta storia - DIGIT srl<\/title>\n<meta name=\"robots\" content=\"index, follow, max-snippet:-1, max-image-preview:large, max-video-preview:-1\" \/>\n<link rel=\"canonical\" href=\"https:\/\/digit.srl\/en\/vetrina\/quinta-storia\/\" \/>\n<meta property=\"og:locale\" content=\"en_US\" \/>\n<meta property=\"og:type\" content=\"article\" \/>\n<meta property=\"og:title\" content=\"Quinta storia - DIGIT srl\" \/>\n<meta property=\"og:description\" content=\"La vetrina del rinascimento, inaugurata il 24 agosto 2020, \u00e8 un esempio di vetrina-museo-diffuso, che mette in relazione il contenuto dei musei cittadini offrendo un&#8217;opportunit\u00e0 di incontro informale e inatteso, che prelude alla visita ai musei e all&#8217;approfondimento dei temi trattati. La vetrina mostra, su un grande schermo, la ricostruzione tridimensionale dello studiolo di Federico [&hellip;]\" \/>\n<meta property=\"og:url\" content=\"https:\/\/digit.srl\/en\/vetrina\/quinta-storia\/\" \/>\n<meta property=\"og:site_name\" content=\"DIGIT srl\" \/>\n<meta property=\"article:publisher\" content=\"https:\/\/www.facebook.com\/digit.srl.benefit\" \/>\n<meta property=\"article:modified_time\" content=\"2021-09-17T09:24:40+00:00\" \/>\n<meta property=\"og:image\" content=\"https:\/\/digit.srl\/wp-content\/uploads\/2020\/09\/cropped-digit_logo_web-1.png\" \/>\n\t<meta property=\"og:image:width\" content=\"1437\" \/>\n\t<meta property=\"og:image:height\" content=\"671\" \/>\n\t<meta property=\"og:image:type\" content=\"image\/png\" \/>\n<meta name=\"twitter:card\" content=\"summary_large_image\" \/>\n<meta name=\"twitter:site\" content=\"@digitsrl\" \/>\n<meta name=\"twitter:label1\" content=\"Est. reading time\" \/>\n\t<meta name=\"twitter:data1\" content=\"2 minutes\" \/>\n<script type=\"application\/ld+json\" class=\"yoast-schema-graph\">{\"@context\":\"https:\/\/schema.org\",\"@graph\":[{\"@type\":\"WebPage\",\"@id\":\"https:\/\/digit.srl\/en\/vetrina\/quinta-storia\/\",\"url\":\"https:\/\/digit.srl\/en\/vetrina\/quinta-storia\/\",\"name\":\"Quinta storia - DIGIT srl\",\"isPartOf\":{\"@id\":\"https:\/\/digit.srl\/#website\"},\"datePublished\":\"2021-08-06T16:47:40+00:00\",\"dateModified\":\"2021-09-17T09:24:40+00:00\",\"breadcrumb\":{\"@id\":\"https:\/\/digit.srl\/en\/vetrina\/quinta-storia\/#breadcrumb\"},\"inLanguage\":\"en-US\",\"potentialAction\":[{\"@type\":\"ReadAction\",\"target\":[\"https:\/\/digit.srl\/en\/vetrina\/quinta-storia\/\"]}]},{\"@type\":\"BreadcrumbList\",\"@id\":\"https:\/\/digit.srl\/en\/vetrina\/quinta-storia\/#breadcrumb\",\"itemListElement\":[{\"@type\":\"ListItem\",\"position\":1,\"name\":\"Home\",\"item\":\"https:\/\/digit.srl\/\"},{\"@type\":\"ListItem\",\"position\":2,\"name\":\"Garibaldi 66\",\"item\":\"https:\/\/digit.srl\/vetrina\/\"},{\"@type\":\"ListItem\",\"position\":3,\"name\":\"Quinta storia\"}]},{\"@type\":\"WebSite\",\"@id\":\"https:\/\/digit.srl\/#website\",\"url\":\"https:\/\/digit.srl\/\",\"name\":\"DIGIT srl\",\"description\":\"Innovazione sociale e digitale\",\"publisher\":{\"@id\":\"https:\/\/digit.srl\/#organization\"},\"potentialAction\":[{\"@type\":\"SearchAction\",\"target\":{\"@type\":\"EntryPoint\",\"urlTemplate\":\"https:\/\/digit.srl\/?s={search_term_string}\"},\"query-input\":{\"@type\":\"PropertyValueSpecification\",\"valueRequired\":true,\"valueName\":\"search_term_string\"}}],\"inLanguage\":\"en-US\"},{\"@type\":\"Organization\",\"@id\":\"https:\/\/digit.srl\/#organization\",\"name\":\"DIGIT srl\",\"url\":\"https:\/\/digit.srl\/\",\"logo\":{\"@type\":\"ImageObject\",\"inLanguage\":\"en-US\",\"@id\":\"https:\/\/digit.srl\/#\/schema\/logo\/image\/\",\"url\":\"https:\/\/digit.srl\/wp-content\/uploads\/2020\/09\/cropped-cropped-digit_logo_web-1.png\",\"contentUrl\":\"https:\/\/digit.srl\/wp-content\/uploads\/2020\/09\/cropped-cropped-digit_logo_web-1.png\",\"width\":1437,\"height\":671,\"caption\":\"DIGIT srl\"},\"image\":{\"@id\":\"https:\/\/digit.srl\/#\/schema\/logo\/image\/\"},\"sameAs\":[\"https:\/\/www.facebook.com\/digit.srl.benefit\",\"https:\/\/x.com\/digitsrl\",\"https:\/\/www.instagram.com\/digitsrl\/\",\"https:\/\/www.linkedin.com\/company\/digitsrl\/\"]}]}<\/script>\n<!-- \/ Yoast SEO plugin. -->","yoast_head_json":{"title":"Quinta storia - DIGIT srl","robots":{"index":"index","follow":"follow","max-snippet":"max-snippet:-1","max-image-preview":"max-image-preview:large","max-video-preview":"max-video-preview:-1"},"canonical":"https:\/\/digit.srl\/en\/vetrina\/quinta-storia\/","og_locale":"en_US","og_type":"article","og_title":"Quinta storia - DIGIT srl","og_description":"La vetrina del rinascimento, inaugurata il 24 agosto 2020, \u00e8 un esempio di vetrina-museo-diffuso, che mette in relazione il contenuto dei musei cittadini offrendo un&#8217;opportunit\u00e0 di incontro informale e inatteso, che prelude alla visita ai musei e all&#8217;approfondimento dei temi trattati. La vetrina mostra, su un grande schermo, la ricostruzione tridimensionale dello studiolo di Federico [&hellip;]","og_url":"https:\/\/digit.srl\/en\/vetrina\/quinta-storia\/","og_site_name":"DIGIT srl","article_publisher":"https:\/\/www.facebook.com\/digit.srl.benefit","article_modified_time":"2021-09-17T09:24:40+00:00","og_image":[{"width":1437,"height":671,"url":"https:\/\/digit.srl\/wp-content\/uploads\/2020\/09\/cropped-digit_logo_web-1.png","type":"image\/png"}],"twitter_card":"summary_large_image","twitter_site":"@digitsrl","twitter_misc":{"Est. reading time":"2 minutes"},"schema":{"@context":"https:\/\/schema.org","@graph":[{"@type":"WebPage","@id":"https:\/\/digit.srl\/en\/vetrina\/quinta-storia\/","url":"https:\/\/digit.srl\/en\/vetrina\/quinta-storia\/","name":"Quinta storia - DIGIT srl","isPartOf":{"@id":"https:\/\/digit.srl\/#website"},"datePublished":"2021-08-06T16:47:40+00:00","dateModified":"2021-09-17T09:24:40+00:00","breadcrumb":{"@id":"https:\/\/digit.srl\/en\/vetrina\/quinta-storia\/#breadcrumb"},"inLanguage":"en-US","potentialAction":[{"@type":"ReadAction","target":["https:\/\/digit.srl\/en\/vetrina\/quinta-storia\/"]}]},{"@type":"BreadcrumbList","@id":"https:\/\/digit.srl\/en\/vetrina\/quinta-storia\/#breadcrumb","itemListElement":[{"@type":"ListItem","position":1,"name":"Home","item":"https:\/\/digit.srl\/"},{"@type":"ListItem","position":2,"name":"Garibaldi 66","item":"https:\/\/digit.srl\/vetrina\/"},{"@type":"ListItem","position":3,"name":"Quinta storia"}]},{"@type":"WebSite","@id":"https:\/\/digit.srl\/#website","url":"https:\/\/digit.srl\/","name":"DIGIT srl","description":"Innovazione sociale e digitale","publisher":{"@id":"https:\/\/digit.srl\/#organization"},"potentialAction":[{"@type":"SearchAction","target":{"@type":"EntryPoint","urlTemplate":"https:\/\/digit.srl\/?s={search_term_string}"},"query-input":{"@type":"PropertyValueSpecification","valueRequired":true,"valueName":"search_term_string"}}],"inLanguage":"en-US"},{"@type":"Organization","@id":"https:\/\/digit.srl\/#organization","name":"DIGIT srl","url":"https:\/\/digit.srl\/","logo":{"@type":"ImageObject","inLanguage":"en-US","@id":"https:\/\/digit.srl\/#\/schema\/logo\/image\/","url":"https:\/\/digit.srl\/wp-content\/uploads\/2020\/09\/cropped-cropped-digit_logo_web-1.png","contentUrl":"https:\/\/digit.srl\/wp-content\/uploads\/2020\/09\/cropped-cropped-digit_logo_web-1.png","width":1437,"height":671,"caption":"DIGIT srl"},"image":{"@id":"https:\/\/digit.srl\/#\/schema\/logo\/image\/"},"sameAs":["https:\/\/www.facebook.com\/digit.srl.benefit","https:\/\/x.com\/digitsrl","https:\/\/www.instagram.com\/digitsrl\/","https:\/\/www.linkedin.com\/company\/digitsrl\/"]}]}},"_links":{"self":[{"href":"https:\/\/digit.srl\/en\/wp-json\/wp\/v2\/pages\/966"}],"collection":[{"href":"https:\/\/digit.srl\/en\/wp-json\/wp\/v2\/pages"}],"about":[{"href":"https:\/\/digit.srl\/en\/wp-json\/wp\/v2\/types\/page"}],"author":[{"embeddable":true,"href":"https:\/\/digit.srl\/en\/wp-json\/wp\/v2\/users\/2"}],"replies":[{"embeddable":true,"href":"https:\/\/digit.srl\/en\/wp-json\/wp\/v2\/comments?post=966"}],"version-history":[{"count":1,"href":"https:\/\/digit.srl\/en\/wp-json\/wp\/v2\/pages\/966\/revisions"}],"predecessor-version":[{"id":967,"href":"https:\/\/digit.srl\/en\/wp-json\/wp\/v2\/pages\/966\/revisions\/967"}],"up":[{"embeddable":true,"href":"https:\/\/digit.srl\/en\/wp-json\/wp\/v2\/pages\/1123"}],"wp:attachment":[{"href":"https:\/\/digit.srl\/en\/wp-json\/wp\/v2\/media?parent=966"}],"curies":[{"name":"wp","href":"https:\/\/api.w.org\/{rel}","templated":true}]}}

<p><strong>La vetrina del rinascimento</strong>, inaugurata il 24 agosto 2020, è un esempio di vetrina-museo-diffuso, che mette in relazione il contenuto dei musei cittadini offrendo un&#8217;opportunità di incontro informale e inatteso, che prelude alla visita ai musei e all&#8217;approfondimento dei temi trattati.</p>



<p>La vetrina mostra, su un grande schermo, la ricostruzione tridimensionale dello <strong>studiolo di Federico da Montefeltro</strong>, con la <strong>galleria degli Uomini Illustri</strong> e le famosissime <strong>tarsie lignee in trompe l’oeil</strong>, che ritraggono personaggi e oggetti rappresentativi delle arti liberali. A mano a mano che vengono inquadrati, gli oggetti emergono dalle tarsie e la loro ricostruzione tridimensionale si anima, dando un assaggio della più ampia ricostruzione virtuale interattiva curata da Roberto Mantovani, Francesco Serafini e Piero Paolucci per il Museo del Gabinetto di Fisica dell’Università di Urbino. Sullo sfondo, quattro riproduzioni dei ritratti degli uomini illustri dello Studiolo.<br>Sulla destra un manichino indossa gli <strong>abiti di Federico</strong>, Farsetto, Giornea e Berretto alla capitanesca, ricostruiti artigianalmente dall’Atelier di Battista partendo da reperti e documenti storici, tra i quali il piccolo ritratto a tempera inserito nel Codice Disputationes Camaldulenses di Cristoforo Landino.<br>La parte sinistra della vetrina è tinta di <strong>blu di guado</strong>, per evocare la tradizione tintoria, recuperata dal Guado Urbino, che fece della coltivazione del guado un importante elemento dell’economia del Montefeltro. Alle piante tintorie è dedicata una sezione dell’Orto Botanico dell’Università di Urbino. In vetrina sono esposti anche due campioni di <strong>Azzurite</strong> e di <strong>Lapislazzuli</strong>, delle collezioni mineralogiche dell’Università di Urbino, utilizzati per rendere in pittura le tonalità del blu di guado.<br>La vetrina del rinascimento è stata realizzata da <strong>DIGIT srl</strong> in collaborazione con il <strong>Polo Museale Urbinatense</strong>, con l’<strong>Università degli Studi di Urbino Carlo Bo</strong>, con il <strong>Museo del Gabinetto di Fisica</strong> dell’Università di Urbino, con la <strong>Galleria Nazionale delle Marche &#8211; Palazzo Ducale di Urbino</strong>, con l’<strong>ITIS Enrico Mattei</strong> di Urbino, con l’<strong>Atelier di Battista</strong>, con il <strong>Guado Urbino</strong>, con lo <strong>Studio tecnico Vagnerini</strong> e con la <strong>Stark di Cagli</strong>, con la partecipazione di <strong>Francesco Serafini, Piero Paolucci, Roberto Mantovani, Carolina Sacchetti, Alessandra Ubaldi</strong> e <strong>Michele Mattioli</strong>.</p>



<p></p>



<figure class="wp-block-embed is-type-video is-provider-youtube wp-block-embed-youtube wp-embed-aspect-16-9 wp-has-aspect-ratio"><div class="wp-block-embed__wrapper">
<iframe loading="lazy" title="Garibaldi 66 - 5. La vetrina del rinascimento - presentazione" width="500" height="281" src="https://www.youtube.com/embed/EaW9uXyvpGA?feature=oembed" frameborder="0" allow="accelerometer; autoplay; clipboard-write; encrypted-media; gyroscope; picture-in-picture; web-share" allowfullscreen></iframe>
</div></figure>

<p>La vetrina del rinascimento, inaugurata il 24 agosto 2020, è un esempio di vetrina-museo-diffuso, che mette in relazione il contenuto dei musei cittadini offrendo un&#8217;opportunità di incontro informale e inatteso, che prelude alla visita ai musei e all&#8217;approfondimento dei temi trattati. La vetrina mostra, su un grande schermo, la ricostruzione tridimensionale dello studiolo di Federico [&hellip;]</p>

<!-- This site is optimized with the Yoast SEO plugin v23.5 - https://yoast.com/wordpress/plugins/seo/ -->
<title>Quinta storia - DIGIT srl</title>
<meta name="robots" content="index, follow, max-snippet:-1, max-image-preview:large, max-video-preview:-1" />
<link rel="canonical" href="https://digit.srl/en/vetrina/quinta-storia/" />
<meta property="og:locale" content="en_US" />
<meta property="og:type" content="article" />
<meta property="og:title" content="Quinta storia - DIGIT srl" />
<meta property="og:description" content="La vetrina del rinascimento, inaugurata il 24 agosto 2020, è un esempio di vetrina-museo-diffuso, che mette in relazione il contenuto dei musei cittadini offrendo un&#8217;opportunità di incontro informale e inatteso, che prelude alla visita ai musei e all&#8217;approfondimento dei temi trattati. La vetrina mostra, su un grande schermo, la ricostruzione tridimensionale dello studiolo di Federico [&hellip;]" />
<meta property="og:url" content="https://digit.srl/en/vetrina/quinta-storia/" />
<meta property="og:site_name" content="DIGIT srl" />
<meta property="article:publisher" content="https://www.facebook.com/digit.srl.benefit" />
<meta property="article:modified_time" content="2021-09-17T09:24:40+00:00" />
<meta property="og:image" content="https://digit.srl/wp-content/uploads/2020/09/cropped-digit_logo_web-1.png" />
	<meta property="og:image:width" content="1437" />
	<meta property="og:image:height" content="671" />
	<meta property="og:image:type" content="image/png" />
<meta name="twitter:card" content="summary_large_image" />
<meta name="twitter:site" content="@digitsrl" />
<meta name="twitter:label1" content="Est. reading time" />
	<meta name="twitter:data1" content="2 minutes" />
<script type="application/ld+json" class="yoast-schema-graph">{"@context":"https://schema.org","@graph":[{"@type":"WebPage","@id":"https://digit.srl/en/vetrina/quinta-storia/","url":"https://digit.srl/en/vetrina/quinta-storia/","name":"Quinta storia - DIGIT srl","isPartOf":{"@id":"https://digit.srl/#website"},"datePublished":"2021-08-06T16:47:40+00:00","dateModified":"2021-09-17T09:24:40+00:00","breadcrumb":{"@id":"https://digit.srl/en/vetrina/quinta-storia/#breadcrumb"},"inLanguage":"en-US","potentialAction":[{"@type":"ReadAction","target":["https://digit.srl/en/vetrina/quinta-storia/"]}]},{"@type":"BreadcrumbList","@id":"https://digit.srl/en/vetrina/quinta-storia/#breadcrumb","itemListElement":[{"@type":"ListItem","position":1,"name":"Home","item":"https://digit.srl/"},{"@type":"ListItem","position":2,"name":"Garibaldi 66","item":"https://digit.srl/vetrina/"},{"@type":"ListItem","position":3,"name":"Quinta storia"}]},{"@type":"WebSite","@id":"https://digit.srl/#website","url":"https://digit.srl/","name":"DIGIT srl","description":"Innovazione sociale e digitale","publisher":{"@id":"https://digit.srl/#organization"},"potentialAction":[{"@type":"SearchAction","target":{"@type":"EntryPoint","urlTemplate":"https://digit.srl/?s={search_term_string}"},"query-input":{"@type":"PropertyValueSpecification","valueRequired":true,"valueName":"search_term_string"}}],"inLanguage":"en-US"},{"@type":"Organization","@id":"https://digit.srl/#organization","name":"DIGIT srl","url":"https://digit.srl/","logo":{"@type":"ImageObject","inLanguage":"en-US","@id":"https://digit.srl/#/schema/logo/image/","url":"https://digit.srl/wp-content/uploads/2020/09/cropped-cropped-digit_logo_web-1.png","contentUrl":"https://digit.srl/wp-content/uploads/2020/09/cropped-cropped-digit_logo_web-1.png","width":1437,"height":671,"caption":"DIGIT srl"},"image":{"@id":"https://digit.srl/#/schema/logo/image/"},"sameAs":["https://www.facebook.com/digit.srl.benefit","https://x.com/digitsrl","https://www.instagram.com/digitsrl/","https://www.linkedin.com/company/digitsrl/"]}]}</script>
<!-- / Yoast SEO plugin. -->

La vetrina del rinascimento, inaugurata il 24 agosto 2020, è un esempio di vetrina-museo-diffuso, che mette in relazione il contenuto dei musei cittadini offrendo un&#8217;opportunità di incontro informale e inatteso, che prelude alla visita ai musei e all&#8217;approfondimento dei temi trattati. La vetrina mostra, su un grande schermo, la ricostruzione tridimensionale dello studiolo di Federico [&hellip;]
